
Does 235 divide 169905?
True
Is 546621 a multiple of 138?
False
Is 1508196 a multiple of 12?
True
Is 242 a factor of 322059?
False
Does 85 divide 164561?
False
Is 15865343 a multiple of 77?
False
Does 13 divide 10665565?
False
Is 1994616 a multiple of 72?
True
Is 170496 a multiple of 10?
False
Is 136 a factor of 5386688?
True
Is 928590 a multiple of 15?
True
Does 11 divide 1168063?
False
Is 126084 a multiple of 7?
True
Does 21 divide 443898?
True
Is 210091 a multiple of 31?
False
Is 1152684 a multiple of 4?
True
Is 159 a factor of 36411?
True
Is 322069 a multiple of 3?
False
Does 157 divide 698650?
True
Is 2950334 a multiple of 79?
True
Does 2 divide 4167?
False
Is 495 a factor of 2939310?
True
Does 184 divide 9449136?
True
Does 12 divide 1674057?
False
Does 1048 divide 11821107?
False
Is 1618293 a multiple of 664?
False
Is 3184800 a multiple of 42?
False
Is 1088379 a multiple of 36?
False
Is 153060 a multiple of 30?
True
Does 2 divide 22442?
True
Is 19851 a multiple of 18?
False
Does 498 divide 2438131?
False
Does 30 divide 3207605?
False
Does 35 divide 10338300?
True
Does 267 divide 2130393?
True
Does 96 divide 255456?
True
Does 380 divide 7002696?
False
Is 3232464 a multiple of 5?
False
Is 48683 a multiple of 7?
False
Is 750 a factor of 6492273?
False
Is 3091509 a multiple of 57?
True
Is 48399 even?
False
Is 29 a factor of 153501?
False
Is 16 a factor of 70388?
False
Is 201924 a multiple of 42?
False
Is 87 a factor of 1589728?
False
Is 11175 a multiple of 5?
True
Is 101 a factor of 239398?
False
Does 169 divide 125905?
True
Does 22 divide 2448402?
True
Is 99800 a multiple of 4?
True
Is 33 a factor of 1953204?
True
Is 11207980 a multiple of 25?
False
Does 78 divide 540303?
False
Does 4 divide 343892?
True
Does 23 divide 118435?
False
Is 280805 a multiple of 71?
True
Is 371799 a multiple of 70?
False
Is 100544 a multiple of 25?
False
Is 439408 a multiple of 58?
True
Is 236 a factor of 436836?
True
Is 317517 a multiple of 37?
False
Is 1075527 a multiple of 12?
False
Is 472 a factor of 7123091?
False
Is 27 a factor of 9531?
True
Is 10 a factor of 12106410?
True
Is 250 a factor of 290500?
True
Is 7055470 a multiple of 118?
False
Does 18 divide 761886?
True
Does 684 divide 10335746?
False
Is 89 a factor of 2059847?
False
Is 2 a factor of 15346?
True
Does 52 divide 2196376?
True
Is 19 a factor of 85101?
True
Does 19 divide 25346?
True
Does 207 divide 5769297?
True
Is 11666345 a multiple of 28?
False
Does 10 divide 1435669?
False
Is 281 a factor of 1590862?
False
Is 6351806 a multiple of 13?
False
Is 369038 a multiple of 562?
False
Does 52 divide 3830106?
False
Is 148330 a multiple of 35?
True
Is 2530540 a multiple of 20?
True
Is 67 a factor of 369572?
True
Is 279 a factor of 6022494?
True
Does 11 divide 397610?
False
Is 732340 a multiple of 28?
True
Does 234 divide 492181?
False
Does 25 divide 209428?
False
Is 43 a factor of 17243?
True
Is 762787 a multiple of 5?
False
Is 12 a factor of 161517?
False
Is 833 a factor of 274057?
True
Is 967 a factor of 20393063?
True
Is 269829 a multiple of 63?
True
Is 10767 a multiple of 12?
False
Does 483 divide 7521759?
True
Does 79 divide 966802?
True
Does 34 divide 14518?
True
Is 2569759 a multiple of 208?
False
Is 571935 a multiple of 153?
False
Is 6 a factor of 4836?
True
Is 665 a factor of 3444035?
True
Is 102858 a multiple of 24?
False
Does 40 divide 854080?
True
Is 361 a factor of 1825577?
True
Does 273 divide 61152?
True
Does 14 divide 299977?
False
Is 394 a factor of 746982?
False
Is 232 a factor of 668160?
True
Is 38624 a multiple of 3?
False
Is 6 a factor of 282282?
True
Is 3525529 a multiple of 594?
False
Is 48696 even?
True
Is 205 a factor of 36490?
True
Does 30 divide 670582?
False
Does 242 divide 7903?
False
Is 1134 a factor of 6856164?
True
Is 145170 a multiple of 502?
False
Is 666754 a multiple of 193?
False
Is 2079255 a multiple of 45?
False
Is 106 a factor of 99966?
False
Is 300360 a multiple of 120?
True
Does 29 divide 424473?
True
Does 31 divide 968003?
False
Is 6352900 a multiple of 20?
True
Is 60 a factor of 820080?
True
Is 2 a factor of 10002?
True
Does 2357 divide 26980579?
True
Is 283743 a multiple of 93?
True
Does 12 divide 952807?
False
Does 361 divide 141130?
False
Is 1042576 a multiple of 16?
True
Does 423 divide 2047983?
False
Is 34 a factor of 286790?
True
Is 194 a factor of 1441441?
False
Is 123002 a multiple of 15?
False
Is 26 a factor of 8580?
True
Is 384 a factor of 1476864?
True
Is 243 a factor of 1285713?
True
Is 381 a factor of 268870?
False
Is 33 a factor of 1254?
True
Is 43 a factor of 4153785?
False
Is 129700 a multiple of 5?
True
Is 281808 a multiple of 24?
True
Is 12 a factor of 14345089?
False
Is 2083008 a multiple of 304?
True
Is 10 a factor of 2516480?
True
Is 1589650 a multiple of 50?
True
Does 6 divide 23532?
True
Does 15 divide 640560?
True
Is 3260875 a multiple of 1096?
False
Is 4550328 a multiple of 1519?
False
Is 78144 even?
True
Is 5 a factor of 46529?
False
Is 40 a factor of 239331?
False
Is 10 a factor of 282000?
True
Does 14 divide 76963?
False
Is 53712 a multiple of 12?
True
Is 1003785 a multiple of 18?
False
Is 106 a factor of 689162?
False
Does 49 divide 127557?
False
Is 59 a factor of 22523?
False
Is 1882043 even?
False
Does 65 divide 1167690?
False
Is 143 a factor of 150354?
False
Does 148 divide 10343008?
False
Does 14 divide 7942?
False
Does 21 divide 70549?
False
Is 4 a factor of 967611?
False
Is 166 a factor of 15438?
True
Does 218 divide 3151280?
False
Is 275012 a multiple of 23?
False
Is 3374138 a multiple of 118?
False
Does 14 divide 260022?
True
Does 68 divide 355844?
True
Is 92 a factor of 14215472?
True
Is 25 a factor of 1388975?
True
Does 405 divide 145270?
False
Is 13 a factor of 16388827?
True
Does 56 divide 80304?
True
Is 97758 a multiple of 76?
False
Is 253 a factor of 2489059?
False
Is 110 a factor of 1879418?
False
Does 8 divide 14766540?
False
Is 15 a factor of 1094364?
False
Is 4824 a multiple of 3?
True
Is 8074709 a multiple of 1126?
False
Does 35 divide 6456920?
False
Does 4 divide 949312?
True
Is 166430 even?
True
Is 18 a factor of 2830412?
False
Is 17 a factor of 54099?
False
Is 31 a factor of 62310?
True
Is 990051 a multiple of 352?
False
Does 15 divide 156560?
False
Does 32 divide 7633937?
False
Is 2754206 a multiple of 26?
True
Is 635040 a multiple of 504?
True
Is 746736 a multiple of 188?
True
Is 1833 a factor of 4122417?
True
Is 41 a factor of 227403?
False
Does 18 divide 36302?
False
Does 51 divide 19380?
True
Is 20 a factor of 156856?
False
Does 19 divide 186743?
False
Is 5340121 a multiple of 66?
False
Is 2 a factor of 182500?
True
Is 279446 a multiple of 52?
False
Is 19 a factor of 530929?
False
Does 5 divide 521290?
True
Is 262906 a multiple of 178?
True
Is 68369 a multiple of 7?
True
Does 5 divide 1656860?
True
Is 13 a factor of 13558909?
True
Is 103316 a multiple of 27?
False
Is 50 a factor of 1442053?
False
Is 99803 a multiple of 43?
True
Is 46 a factor of 391758?
False
Is 1584476 a multiple of 26?
False
Is 229 a factor of 3509266?
False
Is 7 a factor of 152841?
False
Is 958584 a multiple of 12?
True
Is 629356 a multiple of 266?
True
Does 315 divide 8995770?
True
Is 66 a factor of 2745930?
True
Is 18184 a multiple of 2?
True
Is 289744 a multiple of 7?
True
Is 280149 a multiple of 116?
False
Does 13 divide 10897055?
True
Does 180 divide 766260?
True
Is 848 a factor of 1902912?
True
Is 1009270 a multiple of 10?
True
Does 42 divide 689069?
False
Is 205 a factor of 112989?
False
Does 345 divide 17611075?
False
Is 115 a factor of 3184888?
False
Is 26 a factor of 440539?
False
Does 39 divide 1691656?
False
Is 343 a factor of 1177176?
True
Is 211114 even?
True
Does 38 divide 8344927?
False
Does 29 divide 25804?
False
Is 4 a factor of 1928951?
False
Is 336 a factor of 81312?
True
Does 150 divide 103069?
False
Is 650758 a multiple of 52?
False
Is 6 a factor of 160290?
True
Is 6121393 a multiple of 18?
False
Is 95935 a multiple of 124?
False
Is 86689 a multiple of 6?
False
Does 133 divide 226337?
False
Does 244 divide 251320?
True
Is 179399 a multiple of 6?
False
Does 4 divide 69401?
False
Is 20 a factor of 7904107?
False
Is 25 a factor of 2041325?
True
Is 2075541 a multiple of 258?
False
Does 11 divide 93663?
False
Is 1